*x + 16 = -4*x. List the prime factors of x.
2
Let w = 6040 - 3689. List the prime factors of w.
2351
Suppose 0 = -14*o + 604 + 684. What are the prime factors of o?
2, 23
Suppose 9*j = 188 + 226. Let l = j - 21. What are the prime factors of l?
5
Let o(s) be the third derivative of s**6/120 - s**5/20 - s**4/4 - s**3/2 - s**2. What are the prime factors of o(5)?
17
Suppose 4*k - 21*r = -16*r + 936, -2*k + 442 = 4*r. What are the prime factors of k?
229
Let n(h) = -29*h**2 + h + 3. Let g be n(3). What are the prime factors of ((-17)/(g/378))/(4/30)?
3, 7
Let f(s) = -12*s**2 + 15*s + 8 - 3*s**3 + 4*s**3 + 1. List the prime factors of f(11).
53
List the prime factors of -7*(-3 + 2 + 2460/(-28)).
2, 311
Suppose 2*l - 79 = 3*y, 101 = 5*l - y - 64. Let q = l - 28. Suppose q*u - 51 = 89. List the prime factors of u.
5, 7
Suppose -1 = -4*r + 19. Suppose 4*z - 107 = -0*y + y, 115 = 5*z + r*y. What are the prime factors of z*(3 - (-3)/(-2))?
3, 13
Suppose -5*q + 6060 = 4*k, 5*q - 2*k - 6100 = 2*k. What are the prime factors of q?
2, 19
Suppose 2 = 9*b - 11*b. List the prime factors of b*(-21 + -2) + -1.
2, 11
Suppose -5*u - 17 = -37. Let c = 13 - u. List the prime factors of c.
3
Let j(v) = v**2 + 16*v - 205. List the prime factors of j(35).
2, 5, 79
Suppose 5*z - 2*o - 3665 = 0, 6*o = -5*z + 9*o + 3660. List the prime factors of z.
3, 5, 7
Let n(a) = 2*a + 13. Let d be n(-14). Let w = -12 - d. Suppose 2*t + 64 = 4*c, 6*c = w*c + t + 50. List the prime factors of c.
2, 3
Suppose -2*p + 4*n = -10, -5*p + 4*n = 3*n - 43. Suppose 0 = -4*o + p*o - 395. What are the prime factors of o?
79
Let z = 62 + 1271. What are the prime factors of z?
31, 43
Let c = 501 - -657. List the prime factors of c.
2, 3, 193
Suppose 44 = 2*r - 4*l + 2*l, 3*l - 64 = -2*r. Let a = r - 18. Suppose i - a = -3*h, -2*i + 3*h + 43 = -0*h. What are the prime factors of i?
17
Suppose -2*o = -5*q + 1499, 4*q - o - 218 = 983. List the prime factors of q.
7, 43
Let y be 2 + -1 - ((-26)/1)/2. What are the prime factors of y/70 + (-434)/(-5)?
3, 29
Let t(f) = 129*f + 264. List the prime factors of t(21).
3, 991
Suppose 2*j - 13846 = -4*f, 27*j = 4*f + 31*j - 13840. What are the prime factors of f?
3463
Suppose -6*n + 1004 = -364. What are the prime factors of n?
2, 3, 19
Let t(r) = r**3 + 41*r**2 + 10*r + 9. What are the prime factors of t(-40)?
3, 13, 31
Let v(f) = f**3 - 11*f**2 + 2*f + 1. Let p(n) = -n**2 - 5*n. Let x be p(-4). Suppose j - 5*h - 26 = 0, -5*j - x*h + 10 + 33 = 0. List the prime factors of v(j).
23
Let f(b) = -b**2 + 19*b - 20. Let z be f(18). What are the prime factors of (z + 16/5)/((-24)/(-3660))?
3, 61
Let i(a) be the first derivative of 8*a**2 - 4*a + 13/3*a**3 - 1/4*a**4 + 4. What are the prime factors of i(14)?
2, 3
Let t(l) = -2*l**2 + 11*l - 1. Suppose x = 2*a - 0 - 15, 0 = -a + x + 5. Let m be t(a). Let r = 152 + m. List the prime factors of r.
61
Suppose -2*o + 15138 = 4*n, -2*o = -5*n - 4*o + 18922. List the prime factors of ((-1)/(-2))/(22/n).
2, 43
Suppose -2 = 3*r - 8. Suppose 3*a - 19 - 2 = -3*z, -r = -z. Suppose 0 = 2*l - 3*l + g + 14, a*g - 80 = -5*l. What are the prime factors of l?
3, 5
Suppose -y = -169 + 52. Let t be (-389)/(-9) - 26/y. Suppose v - 1 = 0, -3*p + 2*p + t = 5*v. List the prime factors of p.
2, 19
Suppose -29 = -m - 160. Let b = m + 204. List the prime factors of b.
73
Let r(h) = 876*h - 1. List the prime factors of r(1).
5, 7
Let b(a) = a**3 - 6*a**2 + 2. Let f be b(6). Let y be (-8)/(-2) + f + -3. Suppose -4*u + 220 = -y*i, u - 74 = -6*i + 2*i. What are the prime factors of u?
2, 29
Let n be (-16)/(-24)*(3 - 0). Suppose 0 = -2*i + 6, 0*x + 2*x + 2*i = n. Let h(o) = -2*o**3 - 3*o**2 - o + 2. What are the prime factors of h(x)?
2
Let j(w) = w**3 + 8*w**2 + 4*w + 2. Let z be j(-8). Let s be (z/9)/((-2)/72). Suppose 0 = x + 4*x - s. List the prime factors of x.
2, 3
Suppose -127*z + 130*z = 4392. List the prime factors of z.
2, 3, 61
Let v = -191 + 337. Let y = v + 200. What are the prime factors of y?
2, 173
Suppose -2*w + 774 = -754. What are the prime factors of w?
2, 191
Let v(h) = -100*h - 605. List the prime factors of v(-43).
5, 739
Suppose -3*m - 812 = -7*m. What are the prime factors of m?
7, 29
Suppose -4*a - 443 - 1168 = -5*v, 0 = 3*v - 2*a - 965. List the prime factors of v.
11, 29
Let v be -2 + 73 + 7/(-7). Suppose -75 = -5*t + v. List the prime factors of t.
29
Suppose 18 - 3 = -5*g. List the prime factors of (g*(-2)/(-12))/(1/(-122)).
61
List the prime factors of -2 - (8 - 22176/9).
2, 3, 409
Let s(n) = 2*n**2 - 3*n - 4. Let b be s(-1). List the prime factors of ((-8)/(-2) + b)*9.
3, 5
Let q(n) = n**3 - 12*n**2 + 7*n + 16. Let j be q(11). Let b = -2 + -7. Let f = b - j. List the prime factors of f.
19
List the prime factors of 1437/(0 + 3) + 5.
2, 11
Suppose 0 = -3*d - 10*d + 6201. List the prime factors of d.
3, 53
Let v(l) = 2*l - 10. Suppose -6 = -u + 2*w, -28 + 6 = 5*u + 3*w. Let t be (-176)/48*6/u. What are the prime factors of v(t)?
2, 3
Suppose 39*q - 3120 = 35*q. What are the prime factors of q?
2, 3, 5, 13
Suppose -15 = -3*f, 4*l - f - 5 = -l. List the prime factors of (l - (-4)/(-12))*3.
5
Let p = 1261 - -652. List the prime factors of p.
1913
Let x(h) be the second derivative of h**3/6 + 27*h**2/2 + h. What are the prime factors of x(-20)?
7
Let m = -9 + 13. Suppose 14 = -m*n + 50. List the prime factors of n.
3
Suppose -7*i + 2*t + 12776 = -2*i, 0 = -2*t + 4. What are the prime factors of i?
2, 3, 71
Let z = 50 + -25. Suppose -10 = -2*d, -z = -7*f + 2*f - d. Suppose 0*t = f*t - 40. List the prime factors of t.
2, 5
Let w = 9 - 5. Suppose k = 4*v - 112, -4*v - 27 + 119 = 4*k. Suppose 0 = -4*d + w*h + 72, -2*h + 17 = 2*d - v. List the prime factors of d.
2, 5
Let n(b) = -17*b + 22. Let y = 47 + -54. List the prime factors of n(y).
3, 47
Let z = -1310 + 2481. List the prime factors of z.
1171
Suppose 27 - 153 = 9*n. Let q(t) = t**2 + 13*t - 8. Let a be q(n). What are the prime factors of (-2)/6 - (-218)/a?
2, 3
Let j(x) = 105*x + 8. What are the prime factors of j(5)?
13, 41
Let s(d) = 2*d. Let v = 31 + -27. List the prime factors of s(v).
2
List the prime factors of 1*12/(-2) + (-6 - -1355).
17, 79
Let p be (-75)/(-50)*(1 - 5/3). List the prime factors of 2*(52 + p) - (-3 - -1).
2, 13
Let v(f) = 9*f + 11 + 6*f - 13*f + 5*f. What are the prime factors of v(6)?
53
Let m = 49 + -25. Let o be -1 + -3 + m + 2. Suppose 0 = -5*f + 2*s + 177 + o, f - 41 = s. List the prime factors of f.
3, 13
Let h be (-2)/12 - 93/(-18). Suppose -9 - 1 = -h*o. Suppose 29 = g - o. List the prime factors of g.
31
List the prime factors of 1/((-9)/63 + 46/273).
3, 13
Suppose 2*v + 37 = 4*s - 15, 2*s = 5*v + 34. Suppose 0 = s*c - 1263 - 1905. What are the prime factors of c?
2, 3, 11
Let i = -1017 + 1425. What are the prime factors of i?
2, 3, 17
Suppose 4*w - 8*w + 1508 = 0. What are the prime factors of w?
13, 29
List the prime factors of (((-736)/3)/4)/((-6)/216).
2, 3, 23
Suppose -2*f - 2*f + 3367 = u, -2524 = -3*f - u. Suppose -5*v + f - 113 = -a, v - 2*a - 155 = 0. What are the prime factors of v?
5, 29
Let d(z) be the second derivative of z**4/12 + 17*z**3/6 + 13*z**2 + z. What are the prime factors of d(-20)?
2, 43
Let j = -116 + 247. Suppose -5*x = -3*r + 117, 3*r - 4*x - j = -11. What are the prime factors of r?
2, 11
Let m(g) = g**3 + 0*g**3 - 3*g**2 + 0*g**3. Let a be m(3). Suppose 3*l + a*l = 87. What are the prime factors of l?
29
Let r(m) = -481*m - 34. List the prime factors of r(-2).
2, 29
Let d(g) = -g**2 + 2*g - 5. Let u(h) = h + 1. Let i(y) = -d(y) - 2*u(y). Let z be i(4). List the prime factors of z/(5/(580/12)).
29
List the prime factors of (-3 - 13882/(-4))*(-16)/(-20).
2, 19, 73
Let k be 4 - (-1 + (10 - 5)). Suppose 8*i + 0*i - 296 = k. What are the prime factors of i?
37
What are the prime factors of (2772/(-12))/((-15)/170)?
2, 7, 11, 17
Let c(s) = 2*s**2 + 35*s + 43. Let p(m) = m**2 + 18*m + 22. Let j(t) = 3*c(t) - 5*p(t). Let y be j(-15). List the prime factors of y + (-6)/(1 - -2).
17
Let w(c) = c**2 - 6*c - 10. Let s be w(7). Let o be (-1212)/(-36) - (-2)/s. What are the prime factors of (o - (-8)/2)/1?
37
Let s(k) = -k**3 + 8*k**2 - 13. Let f be s(7). What are the prime factors of 8/(64/780)*f/15?
2, 3, 13
Sup